. Let t = u - 57. Let k(h) = 2*h**2 - 15*h - 234. Let r be k(21). Calculate the highest common divisor of t and r.
37
Let d be (-7)/14 + (-22)/(-4). Suppose d*t = -16 + 111. Let j be (-6)/(-4) - (-2630)/20. Calculate the highest common divisor of j and t.
19
Suppose -7*u - 55 = -8*u. Let y = 78 - u. What is the greatest common divisor of y and 46?
23
Let z(s) = -7*s + 241. Let x be z(32). Suppose 81 = 4*d + 3*w - 1184, 975 = 3*d - 3*w. Let n = d - 167. Calculate the highest common factor of x and n.
17
Let b(m) = -4*m + 35. Let i be b(7). Suppose -i*y + 812 = -0*y. What is the highest common factor of 29 and y?
29
Let p be -60*(-20)/(-12)*(-5)/25. Suppose -d + 16 = o, -2*d + d = -3*o + 64. What is the highest common factor of p and o?
20
Suppose -4*z + 53 = b, -b + z + 29 + 9 = 0. Suppose 2*x + x - 728 = -2*d, 1250 = 5*x - 4*d. What is the highest common factor of b and x?
41
Let u = -29 + 41. Suppose -2 = 4*x - 14, 3 = 3*t - 2*x. Suppose -t*c - 2*c = -40. What is the highest common factor of c and u?
4
Let g = 101 - 17. Suppose -2*x - d + 13 = -x, -5*x = 3*d - 63. What is the greatest common factor of x and g?
12
Let t = -1 + 17. Let u(f) = -f**3 + 16*f**2 + 21*f - 13. Let r be u(17). Let g = r - t. Calculate the greatest common factor of g and 351.
39
Let m be (0/1)/3 + (-80)/(-2). Suppose -m = -2*g - 3*g. What is the greatest common divisor of 64 and g?
8
Suppose 0*v + 2*o + 46 = -v, -3*v - 4*o - 142 = 0. Let n be (-160)/v*5/2. Calculate the highest common divisor of n and 20.
4
Let k(s) = -s**3 + 5*s**2 - 9*s - 1. Let l be k(3). Let i = 70 - l. What is the greatest common divisor of i and 10?
10
Let a be -3 - (-14 - 2)/2. Suppose a*q + 3*k = 35, 4*q - 28 = -2*k + 3*k. Calculate the highest common divisor of 1 and q.
1
Suppose 24*v - 22855 = 12233. Calculate the greatest common factor of 68 and v.
34
Let m = -62 + 39. Let v = -17 - m. Calculate the highest common factor of v and 48.
6
Let k(h) = 3*h**2 + 3*h - 1. Suppose a + 2*a + 13 = -4*s, -2*a = 5*s + 18. Let c be k(a). Calculate the greatest common factor of 20 and c.
5
Suppose a + 12 = l, -3*l + 6*l - 50 = -4*a. What is the highest common factor of 63 and l?
7
Let y be 21/(-9)*3 + 23. Let x be (-158 + 2)/(0 + -1). Suppose 100 = 2*m - x. What is the highest common factor of m and y?
16
Let x(k) = -3*k**3 - k**2 - 2*k + 1. Let l be x(2). Let t = 17 + l. Let p = -6 - t. What is the greatest common divisor of 16 and p?
8
Let g be (98/35)/((-1355)/(-225) - 6). Calculate the highest common factor of g and 5166.
126
Let l be (-102)/16 - 6/(-16). Let i be (-8)/l*(0 - -21). What is the highest common divisor of i and 28?
28
Let i(o) = o**2 + o - 3. Let j be i(-4). Let b = 33 - j. Suppose -5*q + q - 2*g + 12 = 0, 0 = -q - 2*g + 3. What is the highest common divisor of q and b?
3
Let m(h) = 3*h**2 - 21*h - 26. Let c be m(10). What is the greatest common factor of c and 160?
32
Let x(p) = 2*p**2 + 9*p + 30. Let d be x(-6). Calculate the highest common factor of d and 384.
48
Let y(d) = -7*d**3 + 3*d**2 + d - 1. Let m be y(-1). Suppose 0 = -w - 3 + m. Let z be -4*(w - 1)/(-2). What is the greatest common factor of z and 8?
8
Let d(y) = -7*y + 5. Let q be d(-4). Suppose -11 = -t - 2*p, -3*t - p - 2*p = -q. Calculate the greatest common divisor of t and 11.
11
Let x = 45 + -27. Suppose -l + 2*l - 308 = 0. Let f be (-36)/306 - l/(-17). What is the highest common factor of x and f?
18
Let u be 45510/35 - (-4)/(-14). Suppose 0*x - u = -4*x. Suppose 4*n - g + 6*g = x, 3*n - 2*g = 215. Calculate the highest common factor of 15 and n.
15
Suppose 81 = c + 12. Suppose 36 = g - c. Suppose g = r + 30. Calculate the greatest common factor of 30 and r.
15
Let j = -781 + 907. Suppose -5*n = -25 - 45. What is the greatest common divisor of j and n?
14
Let z = 6 + 4. Suppose 3*x + 2*i - 43 = 0, -1 = -x - 4*i + z. Let u(p) = 4*p - 1. Let n be u(1). Calculate the highest common divisor of x and n.
3
Let n(k) = 10*k**2 - k - 1. Let q(y) = 0*y - 5*y - 9 + y + 3*y. Let g be q(-8). Let a be n(g). What is the greatest common factor of 10 and a?
10
Suppose -3*b + 23 = 5*a, a - 8 = -a. Let w = b + 1. Let q be ((-52)/(-6))/w*18. Calculate the highest common divisor of 13 and q.
13
Suppose 0 = 5*z + 16 - 76. Let f be 18/z*6/9. What is the highest common divisor of f and 8?
1
Suppose 14*g - 646 = -142. Let r be 16*-6*1/(-4). Calculate the greatest common divisor of g and r.
12
Let p be (42/(-56))/((-1)/4). Suppose -11 = -p*z + 13. Suppose -z*s = -12*s + 252. Calculate the highest common factor of 9 and s.
9
Suppose 21*l + 1771 = 32*l. What is the greatest common divisor of l and 7?
7
Suppose -197 = -5*j - 2*l + 1398, 0 = -2*j - 2*l + 632. Let k be j/4 + (-2)/8. What is the greatest common factor of k and 16?
16
Suppose 6*i + 13 + 17 = 0. Let g(x) = -x**2 - 4*x + 15. Let s be g(i). Calculate the greatest common divisor of s and 15.
5
Let f(q) = q**2 + 3*q + 2. Let o be f(-2). Suppose -4*y + 39 - 11 = o. What is the greatest common factor of y and 56?
7
Let i(o) = 5*o**2 + 12*o - 53. Let r be i(10). What is the highest common divisor of r and 21?
21
Let j = 12 + -4. Calculate the greatest common factor of 104 and j.
8
Let w(t) = -3*t. Let n be w(-1). Suppose -n*v + 77 = 5. Let u be (-2)/(-4) + 852/v. Calculate the highest common factor of 54 and u.
18
Let f(x) = x**2 + x. Let g be f(1). Suppose g*o + 10 = -3*o. Let w = o - -41. Calculate the greatest common divisor of 13 and w.
13
Let r be ((-48)/30)/(2/(-20)). Let h be 1/(-4) - (-484)/r. Suppose -5*o + h = -15. What is the highest common factor of o and 72?
9
Let q be -12*((-484)/66 - 2*-1). Calculate the greatest common factor of 48 and q.
16
Suppose 10*k + 22*k = 320. What is the greatest common factor of 405 and k?
5
Let m = -16 + 13. Let f be ((-8)/m - 3)*-18. Suppose y - f*y - c = -133, 4*y + 5*c = 119. What is the highest common divisor of 65 and y?
13
Let b(f) = -216*f + 162. Let x be b(-15). What is the highest common factor of 42 and x?
42
Let x = 757 - 756. Let h = 0 + 17. Let d = h + x. What is the greatest common factor of 18 and d?
18
Let l be 1857/13 - 100/(-650). What is the highest common factor of 132 and l?
11
Let f = 14 - 12. Suppose 2 = -3*p - f*a + 22, 5*p - 4*a - 48 = 0. Let d(b) = -b**2 + 8*b + 2. Let m be d(p). What is the highest common divisor of m and 10?
2
Suppose -180 + 855 = 5*p. What is the highest common divisor of 150 and p?
15
Suppose -9*c + 2500 = -4*c. Calculate the highest common divisor of 20 and c.
20
Let u be (4 + 4 + 4)*1/2. What is the highest common divisor of u and 33?
3
Let n(r) = -23*r**3 + r**2 - r - 1. Suppose 4*o = 34 - 38. Let h be n(o). Calculate the greatest common divisor of 3 and h.
3
Let d be 1*3 - (-5 - -2). Let f be 3/(-9) - (-242)/d. Let b = -3 - -7. Calculate the highest common factor of f and b.
4
Let l(a) = -a**2 - 30*a + 33. Let q be l(-31). Let y(i) = -2*i + 2. Let w be y(-10). What is the highest common divisor of q and w?
2
Suppose 0 = -h - k + 56, -h + 81 = -k + 35. What is the highest common factor of h and 697?
17
Let l(s) = s**2 + 20. Let n be l(0). Suppose d - n = -2*i, -d + 39 = 5*i - 14. Let j = 396 + -275. What is the greatest common divisor of j and i?
11
Suppose 0 = 2*w + 79 - 55. Let m be 3/(-4*(-1 + (-9)/w)). Calculate the highest common factor of 24 and m.
3
Let c be 0/(((-2)/(-5))/((-2)/(-5))). Suppose -4*g + 72 + 132 = c. Calculate the highest common divisor of g and 34.
17
Let f(p) = -p**3 - 5*p**2. Let z be f(-5). Let u be -2 - 1317/(-3) - (-3 - z). What is the highest common factor of u and 40?
40
Let u(y) = 13*y**2 + y - 2. Let v = 21 - 13. Let o(w) = w - 10. Let m be o(v). Let h be u(m). Calculate the greatest common divisor of 12 and h.
12
Let n(r) = -2*r + 1. Let g be n(-2). Suppose 0 = 4*d - g*d. Suppose d*t = -j - 2*t + 15, 5*j = -2*t + 59. Calculate the highest common factor of 33 and j.
11
Let o = 733 + -697. Calculate the highest common factor of o and 126.
18
Let t be 2/(-6)*(-2 + -4). Let s = t + 143. Calculate the highest common divisor of 29 and s.
29
Let d(h) = 3 - 1 - 1 - 3 + 2*h. Let r be d(-4). Let z = 29 + r. What is the greatest common factor of 19 and z?
19
Let a = 72 + -42. Suppose 5*r = 4*u + 120, -14 = 4*u + 6. What is the greatest common factor of a and r?
10
Let h be